- 6. Calculate b(-3).
12
Let w(v) = -v**3 + 3*v**2 + 4*v - 7. Calculate w(3).
5
Let a(k) = k**2 + 8*k - 2. Determine a(-1).
-9
Let s(p) = 2*p - 29. What is s(17)?
5
Let m(h) = -h**3 + 4*h**2 - h - 2. Give m(3).
4
Let h(w) = w**2 + 26*w + 81. Calculate h(-22).
-7
Let x(q) = -21*q + 3. What is x(-4)?
87
Let c(y) = -y**3 - 5*y**2 + 3*y - 5. What is c(-5)?
-20
Let c(m) = 2*m**2 - m + 4. Give c(4).
32
Let r(i) = i**2 - 3*i + 2. Calculate r(5).
12
Let y(x) = 11*x - 146. Give y(13).
-3
Let i(h) = -50*h**2 + 5*h + 6. Give i(-1).
-49
Let w(x) = x**2 - 5. Determine w(-7).
44
Let t(k) = 6*k - 14. What is t(2)?
-2
Let z(q) = q - 22. Give z(15).
-7
Let d(f) = f**3 + 9*f**2 + 2*f + 8. What is d(-9)?
-10
Let g(w) = -2*w**3 - 8*w**2 - 8*w - 25. What is g(-5)?
65
Let m(p) = 9*p - 12. Determine m(7).
51
Let l(f) = 2*f**3 + 6*f**2 + 6*f + 3. What is l(-4)?
-53
Let x(u) = -u**3 - 5*u**2 + 8*u - 9. What is x(-7)?
33
Let m(i) = -i**3 - 17*i**2 - 31*i - 17. What is m(-15)?
-2
Let h(r) = r**3 - 8*r**2 - 3*r + 10. What is h(9)?
64
Let l(c) = c**3 + 4*c**2 - 4*c + 3. Give l(2).
19
Let k(u) = u + 4. Calculate k(4).
8
Let m(c) = 50*c + 262. What is m(-5)?
12
Let k(x) = x + 4. Determine k(-12).
-8
Let y(b) = b**3 + 11*b**2 + 20*b + 11. Give y(-9).
-7
Let b(s) = -2*s**3 + s**2 + s + 7. Calculate b(0).
7
Let w(c) = c**3 - 4*c**2 - 6*c + 24. Calculate w(2).
4
Let s(a) = -a - 2. Determine s(2).
-4
Let g(a) = -a**3 + 85*a**2 + 92*a - 511. Determine g(86).
5
Let r(l) = l**3 + 8*l**2 + 7*l - 8. Determine r(-6).
22
Let x(n) = n**2 + 15*n - 16. Give x(-16).
0
Let y(c) = c**3 - 9*c**2 + 13*c + 9. Determine y(8).
49
Let y(z) = z**2 - 10*z - 40. Give y(13).
-1
Let j(h) = -h**3 + 13*h**2 - 10*h - 17. Determine j(12).
7
Let r(n) = -n**2 + 102*n - 479. Give r(5).
6
Let f(g) = 6*g + 43. Calculate f(-6).
7
Let v(t) = -t**2 + 11*t + 25. Determine v(17).
-77
Let v(q) = -6*q**3 - 2*q**2 - 2*q + 2. Determine v(-2).
46
Let f(s) = -s**2 + 9*s - 9. Give f(6).
9
Let j(b) = 6*b**2 + 8*b + 7. Determine j(0).
7
Let y(r) = r**3 - r**2 - 2*r - 10. Calculate y(5).
80
Let c(d) = 2*d**2 - 17*d + 25. What is c(6)?
-5
Let z(b) = b**3 + 3*b**2 + 4. What is z(-2)?
8
Let g(v) = -120*v - 1556. Determine g(-13).
4
Let l(y) = -y**2 - 6*y + 1. Calculate l(-6).
1
Let y(k) = -k + 5. Determine y(7).
-2
Let o(z) = 6*z**2 - z + 2. Determine o(1).
7
Let d(i) = -i**3 - 68*i + 133. Give d(2).
-11
Let y(s) = s**3 + 10*s**2 + 9*s + 2. Determine y(-9).
2
Let y(x) = -x**2 + 2*x + 7. Give y(13).
-136
Let v(b) = -2*b - 2. What is v(-5)?
8
Let d(z) = -20*z - 48. Give d(-4).
32
Let s(d) = -d + 24. Determine s(35).
-11
Let f(o) = -3*o - 44. Calculate f(-15).
1
Let i(z) = 16*z**2 - 2*z + 1. Calculate i(1).
15
Let u(s) = s**3 + 8*s**2 + 4*s - 40. Give u(-6).
8
Let h(c) = -c**2 - 25*c - 24. What is h(-24)?
0
Let r(c) = -6*c. Give r(-4).
24
Let n(t) = 13*t**2 - 2*t + 1. Calculate n(2).
49
Let j(u) = -u**2 + 11*u + 33. Calculate j(16).
-47
Let k(l) = l**3 + 12*l**2 - 13*l. Calculate k(-13).
0
Let o(v) = v**2 + 5*v + 1. Calculate o(-5).
1
Let r(c) = 4*c - 35. Give r(8).
-3
Let b(t) = 4*t - 8. Determine b(8).
24
Let j(c) = -2*c**2 - 39*c + 39. Calculate j(1).
-2
Let l(p) = p**3 + p**2 - p + 9. Determine l(0).
9
Let n(r) = -28*r - 52. What is n(-2)?
4
Let c(w) = 2*w**2 - 13*w - 10. Give c(7).
-3
Let g(u) = -3*u**2 + 3*u - 3. Calculate g(2).
-9
Let v(b) = b**3 - 14*b**2 + 32*b + 7. Give v(11).
-4
Let o(p) = p**3 + 13*p**2 - 31*p + 5. What is o(-15)?
20
Let q(l) = -l**3 - 11*l**2 - 13*l - 11. Determine q(-10).
19
Let u(f) = -f**3 + 3*f**2 + 3*f - 4. Give u(3).
5
Let s(z) = z**2 + 6*z - 7. Determine s(-6).
-7
Let n(l) = 2*l**3 - 15*l**2 - 7*l + 5. Determine n(8).
13
Let j(u) = -5*u + 6. Calculate j(-9).
51
Let v(p) = -p**2 - 7*p - 6. Give v(-7).
-6
Let k(w) = 7*w - 96. Give k(13).
-5
Let x(u) = -3*u**2 + 113*u - 83. Determine x(37).
-9
Let z(l) = l**3 + 25*l**2 - 28*l - 38. What is z(-26)?
14
Let r(d) = 16*d + 20. What is r(5)?
100
Let x(b) = 2*b**3 - 10*b**2 + 4*b + 7. Give x(4).
-9
Let r(w) = 2*w + 14. Calculate r(-4).
6
Let g(v) = v**3 + 5*v**2 - 5*v + 13. Calculate g(-6).
7
Let m(h) = h**2 - 17*h + 42. Calculate m(12).
-18
Let q(w) = w**3 - 10*w**2 + 20*w + 35. Determine q(6).
11
Let l(o) = 2*o**3 - 11*o**2 + 13*o - 7. Determine l(4).
-3
Let y(t) = -11*t. Calculate y(-1).
11
Let v(c) = -9*c - 73. What is v(-8)?
-1
Let n(i) = -i + 8. What is n(3)?
5
Let u(w) = w**2 - 16*w + 30. What is u(15)?
15
Let j(u) = u**2 + 4*u - 19. Determine j(4).
13
Let y(n) = 5*n**3 + 24*n**2 - n + 12. Give y(-5).
-8
Let d(f) = f**3 - f**2 + 29. Give d(0).
29
Let y(s) = -2*s**2 + 49*s - 71. Calculate y(23).
-2
Let h(v) = v**2 + 13*v. Calculate h(-6).
-42
Let f(z) = -z**3 - 13*z**2 - 10*z + 25. Give f(-12).
1
Let k(s) = s**3 - 4*s**2 + 2*s - 8. Determine k(4).
0
Let s(r) = -3*r + 20. Calculate s(7).
-1
Let u(k) = -k**2 + 3*k + 5. Give u(11).
-83
Let n(w) = 7*w - 103. Determine n(15).
2
Let p(d) = d**3 - 15*d**2 + 3*d - 22. Give p(15).
23
Let p(u) = u - 1. Determine p(0).
-1
Let r(b) = 9*b + 13. Calculate r(-6).
-41
Let o(w) = -25*w**2 - w - 1. Calculate o(-1).
-25
Let g(m) = -m**2 - 10*m + 15. Give g(2).
-9
Let i(h) = -h**3 + 4*h**2 - h - 2. Determine i(3).
4
Let a(f) = -59*f**2 + 1. Determine a(1).
-58
Let k(d) = 22*d + 2. Give k(1).
24
Let k(c) = c + 7. Give k(4).
11
Let m(b) = 6*b**2 + 3. Calculate m(-3).
57
Let z(h) = 4*h**2 - 10*h - 15. What is z(5)?
35
Let c(u) = u**3 + 3*u**2 - 12*u + 3. What is c(-5)?
13
Let k(u) = -u**3 - 14*u**2 - 10*u - 17. Give k(-13).
-56
Let h(i) = i**3 + 4*i**2 - 6*i - 3. What is h(-5)?
2
Let x(p) = p**3 + 12*p**2 + 9*p + 27. Give x(-11).
49
Let n(d) = -6*d**2 + 4*d. Calculate n(3).
-42
Let s(a) = a**3 + 14*a**2 + 12*a - 23. Calculate s(-13).
-10
Let u(o) = o**2 + 19*o - 127. Calculate u(5).
-7
Let s(a) = a**3 + 12*a**2 + 9*a - 11. Determine s(-11).
11
Let g(o) = -o**2 + 12*o - 19. Calculate g(12).
-19
Let l(w) = w**3 - 12*w**2 - 28. Calculate l(12).
-28
Let f(r) = r**2 - 13*r - 37. Determine f(15).
-7
Let d(v) = v**2 - 6*v - 43. What is d(9)?
-16
Let z(d) = -d**3 + 23*d**2 + 46*d + 110. Calculate z(25).
10
Let q(b) = 7*b - 172. Calculate q(22).
-18
Let g(p) = p**2 - 3*p + 1. Determine g(-3).
19
Let u(v) = 3*v - 27. Determine u(5).
-12
Let n(i) = -i**3 + 33*i**2 + 2*i - 68. Determine n(33).
-2
Let q(s) = 7*s - 17. What is q(2)?
-3
Let h(v) = -v**3 - 21*v**2 - 19*v + 14. What is h(-20)?
-6
Let k(f) = f**3 - 14*f**2 - 2*f - 9. Give k(14).
-37
Let x(n) = n**2 - 31*n - 1. Give x(31).
-1
Let s(g) = 3*g**2 - 56*g + 37. Give s(18).
1
Let w(s) = 2*s**2 - 32*s - 6. Give w(15).
-36
Let l(h) = 2*h + 32. Give l(-12).
8
Let n(k) = -k**3 - 9*k**2 + 4*k + 6. Give n(-9).
-30
Let h(u) = -6*u. Determine h(7).
-42
Let y(p) = 44*p**3 - p. What is y(-1)?
-43
Let n(u) = -18*u + 2. What is n(4)?
-70
Let x(u) = -31*u + 77. Determine x(6).
-109
Let x(k) = -k**3 - k - 7. What is x(-3)?
23
Let b(u) = u**2 + 7*u. Calculate b(-8).
8
Let p(g) = -18*g + 1. Calculate p(1).
-17
Let g(j) = j**3 - 10*j**2 + 26*j - 3. Determine g(6).
9
Let b(h) = 10*h + 1. Give b(1).
11
Let s(z) = -z**3 - 7*z**2 + 6*z + 35. Determine s(-7).
-7
Let s(m) = -10*m + 1. Calculate s(-2).
21
Let m(f) = -9*f + 4. Give m(3).
-23
Let j(n) = 8*n + 31. What is j(-5)?
-9
Let k(r) = -r**3 + r**2 + r + 1. What is k(2)?
-1
Let u(a) = -a**2 - 11*a - 16. Give u(-9).
2
Let l(o) = 3*o**3 - 3*o**2 + 5. What is l(4)?
149
Let r(m) = -m**2 + 18*m + 602. What is r(35)?
7
Let u(p) = -2*p**3 + 15*p**2 + 7*p - 5. What is u(8)?
-13
Let u(z) = -z**3 - 9*z**2 + 9*z + 25. Determine u(-10).
35
Let y(j) = 23*j**2 + 2*j - 4. Give y(2).
92
Let t(u) = u**3 + 6*u**2 - 9*u - 8. What is t(-8)?
-64
Let b(s) = -s**2 + 9*s + 2. Give b(4).
22
Let c(g) = -2*g**2 - 2*g + 1. Calculate c(-2).
-3
Let u(x) = 9*x + 39. Give u(-5).
-6
Let b(n) = -n**3 - 8*n**2 - 3*n - 7. Calculate b(-8).
17
Let h(v) = -v**3 - 7*v**2 - 8*v + 7. What is h(-4)?
-9
Let a(o) = -o**2 + 4*o + 75. Determine a(-9).
-42
Let t(i) = 8*i + 306. What is t(-38)?
2
Let n(h) = h**2 - 24*h - 22. Calculate n(25).
3
Let t(o) = -o**3 - 7*o**2 - 14*o - 16. Give t(-5).
4
Let j(a) = -2*a**2 + 2*a. Determine j(-2).
-12
Let o(u) = 6*u - 14. Determine o(3).
4
Let o(j) = -58*j - 408. Calculate o(-7).
-2
Let y(d) = -25*d + 531. Give y(21).
6
Let h(r) = -r**2 + r + 25. Deter